t of 30586?
6
What is the tens digit of 2802?
0
What is the ten thousands digit of 43567?
4
What is the tens digit of 18637?
3
What is the hundreds digit of 13119?
1
What is the hundreds digit of 4449?
4
What is the thousands digit of 1247?
1
What is the units digit of 61?
1
What is the tens digit of 2592?
9
What is the tens digit of 3157?
5
What is the units digit of 354?
4
What is the hundreds digit of 951?
9
What is the hundreds digit of 18975?
9
What is the units digit of 1587?
7
What is the hundreds digit of 2087?
0
What is the tens digit of 1347?
4
What is the thousands digit of 109552?
9
What is the units digit of 16423?
3
What is the hundreds digit of 65844?
8
What is the thousands digit of 9388?
9
What is the hundreds digit of 28734?
7
What is the ten thousands digit of 96117?
9
What is the units digit of 2984?
4
What is the hundreds digit of 948?
9
What is the hundreds digit of 1007?
0
What is the ten thousands digit of 107142?
0
What is the thousands digit of 5410?
5
What is the tens digit of 38496?
9
What is the ten thousands digit of 17128?
1
What is the units digit of 56031?
1
What is the hundreds digit of 3012?
0
What is the hundred thousands digit of 203200?
2
What is the thousands digit of 52098?
2
What is the thousands digit of 1610?
1
What is the ten thousands digit of 22037?
2
What is the tens digit of 132?
3
What is the hundreds digit of 4233?
2
What is the tens digit of 8471?
7
What is the thousands digit of 1160?
1
What is the units digit of 6674?
4
What is the tens digit of 17?
1
What is the tens digit of 3256?
5
What is the units digit of 3184?
4
What is the thousands digit of 1151?
1
What is the hundreds digit of 462?
4
What is the units digit of 16904?
4
What is the units digit of 5408?
8
What is the hundreds digit of 224?
2
What is the hundreds digit of 28690?
6
What is the ten thousands digit of 81651?
8
What is the tens digit of 4928?
2
What is the thousands digit of 26072?
6
What is the thousands digit of 1471?
1
What is the units digit of 1095?
5
What is the tens digit of 10166?
6
What is the units digit of 2163?
3
What is the tens digit of 332?
3
What is the thousands digit of 2650?
2
What is the tens digit of 23769?
6
What is the ten thousands digit of 12579?
1
What is the units digit of 653?
3
What is the ten thousands digit of 49841?
4
What is the hundreds digit of 25241?
2
What is the tens digit of 4288?
8
What is the hundreds digit of 179?
1
What is the hundreds digit of 763?
7
What is the hundreds digit of 14274?
2
What is the hundreds digit of 9375?
3
What is the thousands digit of 4434?
4
What is the tens digit of 495?
9
What is the thousands digit of 15922?
5
What is the hundreds digit of 384?
3
What is the units digit of 5832?
2
What is the tens digit of 2751?
5
What is the units digit of 1376?
6
What is the units digit of 766?
6
What is the tens digit of 7438?
3
What is the thousands digit of 2593?
2
What is the thousands digit of 82478?
2
What is the units digit of 1668?
8
What is the tens digit of 8310?
1
What is the units digit of 70?
0
What is the thousands digit of 6437?
6
What is the units digit of 1293?
3
What is the thousands digit of 1656?
1
What is the thousands digit of 1441?
1
What is the hundreds digit of 3347?
3
What is the ten thousands digit of 32639?
3
What is the hundreds digit of 8100?
1
What is the tens digit of 20323?
2
What is the units digit of 347?
7
What is the hundreds digit of 46808?
8
What is the thousands digit of 12133?
2
What is the thousands digit of 91834?
1
What is the ten thousands digit of 90045?
9
What is the tens digit of 26630?
3
What is the hundreds digit of 342?
3
What is the hundreds digit of 221?
2
What is the units digit of 3061?
1
What is the tens digit of 84?
8
What is the hundreds digit of 286?
2
What is the units digit of 1227?
7
What is the units digit of 819?
9
What is the units digit of 673?
3
What is the thousands digit of 1251?
1
What is the ten thousands digit of 92086?
9
What is the units digit of 982?
2
What is the thousands digit of 7774?
7
What is the tens digit of 82?
8
What is the tens digit of 6877?
7
What is the ten thousands digit of 11134?
1
What is the units digit of 203?
3
What is the tens digit of 2290?
9
What is the hundreds digit of 16211?
2
What is the units digit of 24997?
7
What is the hundreds digit of 3868?
8
What is the tens digit of 9847?
4
What is the hundreds digit of 1217?
2
What is the tens digit of 182?
8
What is the tens digit of 94656?
5
What is the hundreds digit of 1855?
8
What is the units digit of 14770?
0
What is the units digit of 837?
7
What is the hundreds digit of 3602?
6
What is the units digit of 4622?
2
What is the units digit of 10703?
3
What is the thousands digit of 22014?
2
What is the units digit of 29561?
1
What is the tens digit of 336?
3
What is the tens digit of 356?
5
What is the units digit of 606?
6
What is the thousands digit of 83766?
3
What is the tens digit of 9165?
6
What is the tens digit of 26719?
1
What is the tens digit of 54971?
7
What is the units digit of 8869?
9
What is the units digit of 1463?
3
What is the ten thousands digit of 12856?
1
What is the ten thousands digit of 76585?
7
What is the hundreds digit of 843?
8
What is the tens digit of 369?
6
What is the units digit of 1154?
4
What is the units digit of 302?
2
What is the hundreds digit of 8327?
3
What is the hundreds digit of 704?
7
What is the ten thousands digit of 14365?
1
What is the tens digit of 40192?
9
What is the tens digit of 2491?
9
What is the thousands digit of 49320?
9
What is the hundreds digit of 829?
8
What is the hundreds digit of 21805?
8
What is the units digit of 4574?
4
What is the tens digit of 1418?
1
What is the tens digit of 2648?
4
What is the hundreds digit of 153501?
5
What is the tens digit of 45040?
4
What is the thousands digit of 8318?
8
What is the hundreds digit of 6002?
0
What is the thousands digit of 2742?
2
What is the units digit of 1366?
6
What is the hundreds digit of 4804?
8
What is the tens digit of 38751?
5
What is the tens digit of 768?
6
What is the thousands digit of 4188?
4
What is the tens digit of 493?
9
What is the tens digit of 1110?
1
What is the tens digit of 81370?
7
What is the units digit of 32192?
2
What is the units digit of 24704?
4
What is the ten thousands digit of 58293?
5
What is the units digit of 622?
2
What is the thousands digit of 4206?
4
What is the tens digit of 24601?
0
What is the hundreds digit of 1494?
4
What is the hundreds digit of 14365?
3
What is the thousands digit of 6038?
6
What is the ten thousands digit of 14015?
1
What is the thousands digit of 1432?
1
What is the hundred thousands digit of 115117?
1
What is the ten thousands digit of 90332?
9
What is the hundred thousands digit of 108312?
1
What is the thousands digit of 40642?
0
What is the thousands digit of 1099?
1
What is the hundreds digit of 59662?
6
What is the units digit of 192?
2
What is the hundreds digit of 1054?
0
What is the tens digit of 157679?
7
What is the hundreds digit of 264?
2
What is the thousands digit of 1545?
1
What is the units digit of 1602?
2
What is the hundreds digit of 85741?
7
What is the units digit of 1559?
9
What is the hundreds digit of 29916?
9
What is the hundreds digit of 44453?
4
What is the hundreds digit of 1891?
8
What is the units digit of 798?
8
What is the tens digit of 1401?
0
What is the units digit of 84?
4
What is the hundreds digit of 22189?
1
What is the tens digit of 507?
0
What is the units digit of 2158?
8
What is the tens digit of 1022?
2
What is the units digit of 2847?
7
What is the ten thousands digit of 28899?
2
What is the tens digit of 28640?
4
What is the tens digit of 303?
0
What is the hundreds digit of 10792?
7
What is the tens digit of 79?
7
What is the tens digit of 98946?
4
What is the hundreds digit of 1652?
6
What is the hundreds digit of 65466?
4
What is the thousands digit of 7260?
7
What is the units digit of 5685?
5
What is the tens digit of 18331?
3
What is the hundred thousands digit of 103456?
1
What is the thousands digit of 21819?
1
What is the tens digit of 1847?
4
What is the hundreds digit of 1481?
4
What is the tens digit of 4132?
3
What is the units digit of 4821?
1
What is the ten thousands digit 